r**3 - 20*r**2 - 1015*r - 20288. What is t(-20)?
12
Let w(a) = 80473*a - 2172767. Calculate w(27).
4
Let a(g) = -475*g - 6388. Give a(-15).
737
Let l(o) = -o**3 - 50*o**2 + 2287*o + 114480. Determine l(-49).
16
Let p(y) = -2*y**3 - 83*y**2 + 18*y - 189. Give p(-42).
819
Let h(f) = 2566628*f + 53899186. Give h(-21).
-2
Let n(t) = 10064*t + 2244280. Determine n(-223).
8
Let w(i) = -2*i**2 + 23*i + 12982. What is w(-75)?
7
Let r(y) = -y**2 + 23326*y + 7399006. Determine r(-313).
-1
Let z(m) = -5850*m - 233965. Give z(-40).
35
Let z(l) = 297*l**2 - 2696*l + 214. Determine z(9).
7
Let p(z) = 4*z**2 - 33454*z + 167178. What is p(5)?
8
Let g(x) = -x**2 - 6929*x - 69173. Determine g(-10).
17
Let o(a) = 2*a**2 - 41*a - 128. What is o(29)?
365
Let b(k) = -2*k**2 - 168*k - 1780. What is b(-13)?
66
Let m(z) = 173*z**3 + 4*z**2 + 4*z - 13. Determine m(2).
1395
Let c(d) = -d**2 - 296*d + 40082. What is c(-397)?
-15
Let b(i) = -14624*i + 102376. What is b(7)?
8
Let f(m) = m**2 - 33*m - 56. Calculate f(40).
224
Let z(d) = -209*d**2 + 88*d + 238. Give z(-3).
-1907
Let a(s) = 17906*s - 161150. Give a(9).
4
Let p(r) = 3*r**3 - 24*r**2 - 213*r + 1820. What is p(9)?
146
Let v(t) = t**3 - 1605*t**2 - 339056*t - 17939. Determine v(1794).
1
Let y(w) = -4*w**2 - 128*w - 1039. Calculate y(-18).
-31
Let g(l) = 22337*l - 2345371. Calculate g(105).
14
Let m(t) = -t**2 - 1080*t - 37960. Determine m(-37).
631
Let v(d) = -d**3 + 163*d**2 + 1023*d + 18. What is v(-6)?
-36
Let i(s) = 11198*s - 605113. What is i(54)?
-421
Let g(i) = -i**2 - 222*i + 4838. Give g(20).
-2
Let i(x) = -47*x - 7959. Determine i(-165).
-204
Let j(o) = 9948*o**2 - 69630*o - 45. Give j(7).
-3
Let v(d) = -4*d**3 + 5*d**2 + 207*d - 418. What is v(2)?
-16
Let q(i) = 804*i + 78782. Determine q(-98).
-10
Let x(n) = 193*n - 10794. Calculate x(51).
-951
Let y(n) = n**3 - 896*n**2 + 17575*n + 18. Calculate y(20).
1118
Let l(u) = 61927*u + 247612. Calculate l(-4).
-96
Let a(g) = -1616*g + 61477. Give a(38).
69
Let l(n) = 844*n + 193931. Determine l(-230).
-189
Let h(y) = -7*y**3 + 2654*y**2 - 307*y - 27288. Determine h(379).
0
Let g(j) = -298423*j - 1790618. Determine g(-6).
-80
Let k(f) = 4*f**3 - 488*f**2 + 2788*f + 17. Determine k(6).
41
Let n(i) = -119449*i - 2508436. Calculate n(-21).
-7
Let u(g) = -11*g**2 + 1883*g - 14921. Determine u(8).
-561
Let a(x) = 1056*x**3 + 14*x**2 - 17*x + 4. Determine a(1).
1057
Let g(u) = 6743*u - 4221111. Determine g(626).
7
Let m(d) = -2*d**3 + 179*d**2 + 217*d - 726. Determine m(91).
-5822
Let i(w) = -2*w**3 + 11*w**2 - 9*w + 30. What is i(7)?
-180
Let a(x) = 9997*x + 489843. Calculate a(-49).
-10
Let h(c) = 17*c**2 + 15588*c + 15587. Determine h(-1).
16
Let z(v) = 3*v**3 + 18*v**2 - 86*v - 274. Calculate z(-8).
30
Let n(v) = 1454*v + 98870. What is n(-68)?
-2
Let x(g) = -4*g**2 - 1822*g + 14834. What is x(8)?
2
Let l(n) = 13*n**3 - 644*n**2 + 349*n - 240. Calculate l(49).
54
Let u(l) = -l**3 + 28*l**2 - 3204*l + 21393. Determine u(7).
-6
Let s(t) = -19*t**2 - 305*t - 1051. Determine s(-11).
5
Let m(v) = 433*v + 5313. Give m(-12).
117
Let h(f) = -32948*f - 164740. Determine h(-5).
0
Let d(v) = v**3 - 25*v**2 - 7*v + 2433. Calculate d(18).
39
Let a(y) = y**3 + 35*y**2 + 295*y + 4291. Determine a(-30).
-59
Let o(v) = 2*v**3 + 185*v**2 + 4200*v + 17. Determine o(-40).
17
Let q(n) = 22*n**3 - 156*n**2 + 32*n - 217. Give q(7).
-91
Let h(v) = -v**3 - 920*v**2 + 4572*v + 133. Calculate h(5).
-132
Let p(l) = -l**2 - 106*l + 446. Determine p(-116).
-714
Let b(o) = o**3 - 136*o**2 + 398*o + 244. Give b(133).
111
Let u(z) = 1804*z - 46917. Give u(26).
-13
Let v(t) = -9*t**3 + 81*t**2 + 258*t - 2306. Determine v(9).
16
Let a(w) = 93360*w - 2987543. Give a(32).
-23
Let a(q) = 60792*q - 1641349. Determine a(27).
35
Let h(z) = -364*z + 32369. Calculate h(89).
-27
Let l(y) = -23733*y + 70033. Calculate l(3).
-1166
Let p(j) = -13*j**2 - 481*j + 5402. Determine p(-46).
20
Let w(a) = -73255*a - 9596400. Determine w(-131).
5
Let x(t) = -t**3 + 6*t**2 + 1051*t - 3184. What is x(3)?
-4
Let p(j) = 31*j + 7430. What is p(-240)?
-10
Let z(v) = -6906*v - 842533. Determine z(-122).
-1
Let d(h) = -44*h**3 + 219*h**2 - 212*h - 5. What is d(1)?
-42
Let z(q) = 109496*q + 3175394. What is z(-29)?
10
Let f(d) = d**2 + 21748*d - 21748. Calculate f(1).
1
Let x(k) = 7045*k - 35142. What is x(5)?
83
Let b(p) = -43*p**3 - 15*p**2 - 686*p - 1320. Determine b(-2).
336
Let u(t) = -6*t**2 + 4061*t + 24596. Calculate u(-6).
14
Let x(t) = t**3 - 25*t**2 - 730*t + 18167. Calculate x(27).
-85
Let o(u) = u**2 + 552*u + 7447. What is o(-14)?
-85
Let s(i) = 3*i**3 - 170*i**2 + 2085*i - 722. What is s(39)?
-20
Let g(d) = -742*d + 226636. Give g(308).
-1900
Let x(w) = -3549*w + 35154. What is x(10)?
-336
Let h(f) = 5*f**3 - 64*f**2 - 1036*f + 115. Calculate h(22).
-413
Let i(g) = -753054*g + 56. Give i(0).
56
Let h(f) = 189*f + 6238. Calculate h(-35).
-377
Let m(x) = 23*x**2 - 106*x + 351. Determine m(6).
543
Let c(v) = -43812*v - 5695563. Give c(-130).
-3
Let n(u) = 777*u**3 + 6218*u**2 - 158. Give n(-8).
-30
Let n(a) = 2*a**3 + 1691*a**2 + 4274*a + 49750. Calculate n(-843).
13
Let r(u) = 2*u**3 - 102*u**2 - 5352*u - 16128. Calculate r(84).
0
Let u(m) = -14*m**2 + 661*m - 1781. Calculate u(3).
76
Let j(t) = -2870*t - 1529711. Calculate j(-533).
-1
Let y(d) = -d**2 - 23198*d - 1826397. Determine y(-79).
4
Let g(s) = s**2 + 11026*s + 1642130. What is g(-151)?
5
Let h(m) = 1110*m + 5498. Give h(-5).
-52
Let d(y) = -y**3 + 7*y**2 + 103*y - 462. Give d(6).
192
Let p(s) = 258*s**2 - 538*s + 3. Give p(1).
-277
Let t(p) = -54*p**2 - 4001*p - 396. Calculate t(-74).
-26
Let s(d) = -58*d**2 + 9543*d + 4437. Give s(165).
-18
Let i(y) = -172*y**2 + 6884*y + 133. What is i(40)?
293
Let y(q) = 1221*q + 2682. Give y(-2).
240
Let r(p) = -p**3 + 11*p**2 - 17*p - 84. Give r(13).
-643
Let q(d) = 2111*d**2 + 54886*d - 7. Calculate q(-26).
-7
Let m(v) = -7*v**2 + 154*v - 352. Determine m(17).
243
Let o(j) = -j**3 + 52*j**2 + 1949*j - 21. Give o(-25).
-621
Let i(v) = -68*v**3 + 8*v**2 - 17*v + 19. Determine i(3).
-1796
Let t(d) = -8*d**2 + 224*d - 1379. What is t(20)?
-99
Let d(g) = -31*g**2 - 16616*g - 219. What is d(-536)?
-219
Let j(n) = 407*n**3 + 15*n**2 - 8*n - 22. Determine j(-1).
-406
Let l(v) = 5*v**2 + 145*v + 345. What is l(-26)?
-45
Let q(u) = 505150*u - 13639020. Determine q(27).
30
Let g(d) = d**3 - 22*d**2 - 3748*d + 75767. Give g(20).
7
Let h(a) = 596*a**2 + 13128*a + 358. What is h(-22)?
6
Let i(f) = -f**3 + 14*f**2 + 5557*f - 72065. Calculate i(13).
345
Let n(f) = -f**3 + 30*f**2 - 190*f - 23. Calculate n(21).
-44
Let a(n) = -4079*n + 371191. Give a(91).
2
Let k(v) = -3634*v - 323485. Determine k(-89).
-59
Let w(f) = f**2 + 38927*f + 77850. What is w(-2)?
0
Let o(i) = -2*i**3 + 277*i**2 + 5*i - 19845. Give o(138).
-111
Let a(f) = 2*f**3 + 70*f**2 + 59*f + 196. Determine a(-34).
502
Let g(z) = z**2 - 143*z - 2578. What is g(159)?
-34
Let h(o) = 58*o**2 + 3055*o + 10448. What is h(-49)?
11
Let r(p) = -4*p**2 - 26*p - 80. Calculate r(10).
-740
Let u(q) = -q**3 + 12*q**2 + 360*q - 4638. Calculate u(14).
10
Let c(k) = -39*k**2 + 38315*k - 16553. Give c(982).
141
Let c(g) = g**3 - 36*g**2 - 71*g + 278. Calculate c(38).
468
Let c(m) = 10804*m + 1177648. Give c(-109).
12
Let o(d) = -2*d**2 + 56*d - 242. What is o(9)?
100
Let v(i) = 49846*i + 1545226. What is v(-31)?
0
Let b(x) = x**2 - 1024*x + 21062. Calculate b(21).
-1
Let f(t) = -435374*t + 1306131. What is f(3)?
9
Let t(q) = -22*q**3 + 162*q**2 + 14*q + 5. Determine t(8).
-779
Let d(r) = 5*r**3 + 100*r**2 - 3990*r + 397. What is d(-40)?
-3
Let q(s) = -s**3 + 9*s**2 - 39*s + 203. Determine q(6).
77
Let h(b) = b**3 - b**2 - 321*b + 1640. Give h(5).
135
Let u(m) = -257*m - 207975. Give u(-809).
-62
Let z(s) = -s**3 + 350*s**2 - 2184*s + 786. Determine z(6).
66
Let u(x) = -3322*x - 471783. Calculate u(-142).
-59
Let r(c) = -14*c**2 + 171*c - 82. Give r(6).
440
Let f(p) = 3*p**2 - 177*p - 2603. Determine f(-12).
-47
Let u(i) = -42*i**3 - 336*i**2 - 2*i - 9. Calculate u(-8).
7
Let j(v) = 66*v + 9233. Give j(-158).
-1195
Let r(o) = o**3 - 477*o**2 - 1962*o - 130. Give r(-4).
22
Let p(a) = 22*a**2 - 102*a - 988. Calculate p(-9).
1712
Let w(n) = n**3 + 90*n**2 + 1888*n + 1027. What is 